{"id":200,"date":"2021-08-18T17:35:02","date_gmt":"2021-08-18T15:35:02","guid":{"rendered":"http:\/\/streetartrebellion.com\/?page_id=200"},"modified":"2025-03-15T16:22:25","modified_gmt":"2025-03-15T15:22:25","slug":"commune","status":"publish","type":"page","link":"https:\/\/streetartrebellion.com\/index.php\/commune\/","title":{"rendered":"COMMUNE"},"content":{"rendered":"\n<p>Contactez-nous si vous souhaitez exposer les affiches #LOVEPLANET imprim\u00e9es sur b\u00e2ches !<\/p>\n\n\n\n<p>Nous pouvons \u00e9galement mettre en place un parcours d\u2019exposition LOVEPLANET dans la commune, des ateliers cr\u00e9ation d\u2019affiches et autres animations de sensibilisation avec les scolaires, les centres de loisirs ou lors d\u2019un \u00e9v\u00e9nement.<\/p>\n\n\n\n<p>N\u2019h\u00e9sitez pas \u00e0 nous contacter : <a href=\"mailto:streetartrebellion@protonmail.com\">streetartrebellion@protonmail.com<\/a><\/p>\n\n\n\n<figure class=\"wp-block-gallery has-nested-images columns-2 is-cropped wp-block-gallery-1 is-layout-flex wp-block-gallery-is-layout-flex\">\n<figure class=\"wp-block-image size-large\"><img loading=\"lazy\" decoding=\"async\" width=\"1024\" height=\"576\" data-id=\"317\" src=\"https:\/\/streetartrebellion.com\/wp-content\/uploads\/2021\/11\/juin21-Tournus-Expo-service-culture-centre-historique1-1024x576.jpg\" alt=\"\" class=\"wp-image-317\" srcset=\"https:\/\/streetartrebellion.com\/wp-content\/uploads\/2021\/11\/juin21-Tournus-Expo-service-culture-centre-historique1-1024x576.jpg 1024w, https:\/\/streetartrebellion.com\/wp-content\/uploads\/2021\/11\/juin21-Tournus-Expo-service-culture-centre-historique1-300x169.jpg 300w, https:\/\/streetartrebellion.com\/wp-content\/uploads\/2021\/11\/juin21-Tournus-Expo-service-culture-centre-historique1-768x432.jpg 768w, https:\/\/streetartrebellion.com\/wp-content\/uploads\/2021\/11\/juin21-Tournus-Expo-service-culture-centre-historique1-1536x864.jpg 1536w, https:\/\/streetartrebellion.com\/wp-content\/uploads\/2021\/11\/juin21-Tournus-Expo-service-culture-centre-historique1-1040x585.jpg 1040w, https:\/\/streetartrebellion.com\/wp-content\/uploads\/2021\/11\/juin21-Tournus-Expo-service-culture-centre-historique1.jpg 2048w\" sizes=\"auto, (max-width: 1024px) 100vw, 1024px\" \/><\/figure>\n\n\n\n<figure class=\"wp-block-image size-large\"><img loading=\"lazy\" decoding=\"async\" width=\"1024\" height=\"683\" data-id=\"318\" src=\"https:\/\/streetartrebellion.com\/wp-content\/uploads\/2021\/11\/juin21-Tournus-Expo-service-culture-centre-historique15-STORMIE-1024x683.jpg\" alt=\"\" class=\"wp-image-318\" srcset=\"https:\/\/streetartrebellion.com\/wp-content\/uploads\/2021\/11\/juin21-Tournus-Expo-service-culture-centre-historique15-STORMIE-1024x683.jpg 1024w, https:\/\/streetartrebellion.com\/wp-content\/uploads\/2021\/11\/juin21-Tournus-Expo-service-culture-centre-historique15-STORMIE-300x200.jpg 300w, https:\/\/streetartrebellion.com\/wp-content\/uploads\/2021\/11\/juin21-Tournus-Expo-service-culture-centre-historique15-STORMIE-768x512.jpg 768w, https:\/\/streetartrebellion.com\/wp-content\/uploads\/2021\/11\/juin21-Tournus-Expo-service-culture-centre-historique15-STORMIE-1536x1024.jpg 1536w, https:\/\/streetartrebellion.com\/wp-content\/uploads\/2021\/11\/juin21-Tournus-Expo-service-culture-centre-historique15-STORMIE.jpg 2048w\" sizes=\"auto, (max-width: 1024px) 100vw, 1024px\" \/><\/figure>\n\n\n\n<figure class=\"wp-block-image size-large\"><img loading=\"lazy\" decoding=\"async\" width=\"960\" height=\"720\" data-id=\"320\" src=\"https:\/\/streetartrebellion.com\/wp-content\/uploads\/2021\/11\/juin21-Tournus-Expo-service-culture-centre-historique21-PETIT-PLAT.jpg\" alt=\"\" class=\"wp-image-320\" srcset=\"https:\/\/streetartrebellion.com\/wp-content\/uploads\/2021\/11\/juin21-Tournus-Expo-service-culture-centre-historique21-PETIT-PLAT.jpg 960w, https:\/\/streetartrebellion.com\/wp-content\/uploads\/2021\/11\/juin21-Tournus-Expo-service-culture-centre-historique21-PETIT-PLAT-300x225.jpg 300w, https:\/\/streetartrebellion.com\/wp-content\/uploads\/2021\/11\/juin21-Tournus-Expo-service-culture-centre-historique21-PETIT-PLAT-768x576.jpg 768w, https:\/\/streetartrebellion.com\/wp-content\/uploads\/2021\/11\/juin21-Tournus-Expo-service-culture-centre-historique21-PETIT-PLAT-666x500.jpg 666w\" sizes=\"auto, (max-width: 960px) 100vw, 960px\" \/><\/figure>\n\n\n\n<figure class=\"wp-block-image size-large\"><img loading=\"lazy\" decoding=\"async\" width=\"750\" height=\"562\" data-id=\"321\" src=\"https:\/\/streetartrebellion.com\/wp-content\/uploads\/2021\/11\/juin21-Tournus-Expo-service-culture-centre-historique22-LENA.jpg\" alt=\"\" class=\"wp-image-321\" srcset=\"https:\/\/streetartrebellion.com\/wp-content\/uploads\/2021\/11\/juin21-Tournus-Expo-service-culture-centre-historique22-LENA.jpg 750w, https:\/\/streetartrebellion.com\/wp-content\/uploads\/2021\/11\/juin21-Tournus-Expo-service-culture-centre-historique22-LENA-300x225.jpg 300w, https:\/\/streetartrebellion.com\/wp-content\/uploads\/2021\/11\/juin21-Tournus-Expo-service-culture-centre-historique22-LENA-666x500.jpg 666w\" sizes=\"auto, (max-width: 750px) 100vw, 750px\" \/><\/figure>\n\n\n\n<figure class=\"wp-block-image size-large\"><img loading=\"lazy\" decoding=\"async\" width=\"1024\" height=\"683\" data-id=\"323\" src=\"https:\/\/streetartrebellion.com\/wp-content\/uploads\/2021\/11\/juin21-Tournus-Expo-service-culture-centre-historique54-DE-LA-MANO-1024x683.jpg\" alt=\"\" class=\"wp-image-323\" srcset=\"https:\/\/streetartrebellion.com\/wp-content\/uploads\/2021\/11\/juin21-Tournus-Expo-service-culture-centre-historique54-DE-LA-MANO-1024x683.jpg 1024w, https:\/\/streetartrebellion.com\/wp-content\/uploads\/2021\/11\/juin21-Tournus-Expo-service-culture-centre-historique54-DE-LA-MANO-300x200.jpg 300w, https:\/\/streetartrebellion.com\/wp-content\/uploads\/2021\/11\/juin21-Tournus-Expo-service-culture-centre-historique54-DE-LA-MANO-768x512.jpg 768w, https:\/\/streetartrebellion.com\/wp-content\/uploads\/2021\/11\/juin21-Tournus-Expo-service-culture-centre-historique54-DE-LA-MANO-1536x1024.jpg 1536w, https:\/\/streetartrebellion.com\/wp-content\/uploads\/2021\/11\/juin21-Tournus-Expo-service-culture-centre-historique54-DE-LA-MANO.jpg 2048w\" sizes=\"auto, (max-width: 1024px) 100vw, 1024px\" \/><\/figure>\n<\/figure>\n\n\n\n<div style=\"height:27px\" aria-hidden=\"true\" class=\"wp-block-spacer\"><\/div>\n\n\n\n<h2 class=\"wp-block-heading has-text-align-center\">Biblioth\u00e8que St \u00c9loi- Paris 12eme<br>Mai-juin 2024<\/h2>\n\n\n\n<p><\/p>\n\n\n\n<p>F\u00eate de la Nature organis\u00e9e par la biblioth\u00e8que engag\u00e9e St \u00c9loi, dans un quartier populaire du 12eme arrondissement de Paris.<br>Exposition #loveplanet dans les locaux de la biblioth\u00e8que et animation d&rsquo;un atelier de cr\u00e9ation d&rsquo;affiches avec les enfants du quartier.<\/p>\n\n\n\n<figure class=\"wp-block-image size-large\"><img loading=\"lazy\" decoding=\"async\" width=\"1024\" height=\"576\" src=\"http:\/\/streetartrebellion.com\/wp-content\/uploads\/2025\/03\/IMG_20240524_143557-min-1024x576.jpg\" alt=\"\" class=\"wp-image-852\" srcset=\"https:\/\/streetartrebellion.com\/wp-content\/uploads\/2025\/03\/IMG_20240524_143557-min-1024x576.jpg 1024w, https:\/\/streetartrebellion.com\/wp-content\/uploads\/2025\/03\/IMG_20240524_143557-min-300x169.jpg 300w, https:\/\/streetartrebellion.com\/wp-content\/uploads\/2025\/03\/IMG_20240524_143557-min-768x432.jpg 768w, https:\/\/streetartrebellion.com\/wp-content\/uploads\/2025\/03\/IMG_20240524_143557-min-1536x864.jpg 1536w, https:\/\/streetartrebellion.com\/wp-content\/uploads\/2025\/03\/IMG_20240524_143557-min-2048x1152.jpg 2048w, https:\/\/streetartrebellion.com\/wp-content\/uploads\/2025\/03\/IMG_20240524_143557-min-1040x585.jpg 1040w\" sizes=\"auto, (max-width: 1024px) 100vw, 1024px\" \/><\/figure>\n\n\n\n<figure class=\"wp-block-image size-large\"><img loading=\"lazy\" decoding=\"async\" width=\"1024\" height=\"576\" src=\"http:\/\/streetartrebellion.com\/wp-content\/uploads\/2025\/03\/IMG_20240524_143759-min-1024x576.jpg\" alt=\"\" class=\"wp-image-853\" srcset=\"https:\/\/streetartrebellion.com\/wp-content\/uploads\/2025\/03\/IMG_20240524_143759-min-1024x576.jpg 1024w, https:\/\/streetartrebellion.com\/wp-content\/uploads\/2025\/03\/IMG_20240524_143759-min-300x169.jpg 300w, https:\/\/streetartrebellion.com\/wp-content\/uploads\/2025\/03\/IMG_20240524_143759-min-768x432.jpg 768w, https:\/\/streetartrebellion.com\/wp-content\/uploads\/2025\/03\/IMG_20240524_143759-min-1536x864.jpg 1536w, https:\/\/streetartrebellion.com\/wp-content\/uploads\/2025\/03\/IMG_20240524_143759-min-2048x1152.jpg 2048w, https:\/\/streetartrebellion.com\/wp-content\/uploads\/2025\/03\/IMG_20240524_143759-min-1040x585.jpg 1040w\" sizes=\"auto, (max-width: 1024px) 100vw, 1024px\" \/><\/figure>\n\n\n\n<p><\/p>\n\n\n\n<h2 class=\"wp-block-heading has-text-align-center\">Arzal &#8211; Morbihan <\/h2>\n\n\n\n<h3 class=\"wp-block-heading has-text-align-center\">Octobre &#8211; Novembre 2023<\/h3>\n\n\n\n<p class=\"has-text-align-center\">Projet d\u2019exposition participative avec la commune d\u2019Arzal.<br><\/p>\n\n\n\n<p>La commission culture et communication de la commune d\u2019Arzal a d\u00e9cid\u00e9 de transformer \u201cLa Forge\u201d, un vieux&nbsp; b\u00e2timent vou\u00e9 \u00e0 la destruction, en un support d\u2019art \u00e9ph\u00e9m\u00e8re. Les Arzalais ont \u00e9t\u00e9 appel\u00e9s \u00e0 choisir cinq affiches parmi les dix s\u00e9lectionn\u00e9es par la commission et pr\u00e9sent\u00e9es durant 1 mois \u00e0 la m\u00e9diath\u00e8que pour un vote ouvert \u00e0 tous.tes.&nbsp;<\/p>\n\n\n\n<p>Les cinq affiches ayant obtenu le plus de voix ont \u00e9t\u00e9 coll\u00e9es sur \u201cLa Forge\u201d par les b\u00e9n\u00e9voles de notre collectif et l\u2019e soutien technique de la ville. Cette exposition, face \u00e0 l\u2019\u00e9cole primaire, marque la transition entre un vieux hangar et un b\u00e2timent \u00e9co-responsable, autonome en \u00e9nergie qui accueillera la cantine scolaire et les associations locales.<\/p>\n\n\n\n\n\n\n\n<div style=\"height:27px\" aria-hidden=\"true\" class=\"wp-block-spacer\"><\/div>\n\n\n\n<h2 class=\"wp-block-heading has-text-align-center\">Sennecey le Grand &#8211; Sa\u00f4ne et Loire<\/h2>\n\n\n\n<h3 class=\"wp-block-heading has-text-align-center\">Avril &#8211; Septembre 2023<\/h3>\n\n\n\n\n\n\n\n<p class=\"has-text-align-center\"><\/p>\n\n\n\n<div style=\"height:28px\" aria-hidden=\"true\" class=\"wp-block-spacer\"><\/div>\n\n\n\n<h2 class=\"wp-block-heading has-text-align-center\">Montreuil &#8211; Seine St Denis<\/h2>\n\n\n\n<h3 class=\"wp-block-heading has-text-align-center\">Ao\u00fbt &#8211; Octobre 2021<\/h3>\n\n\n\n<div style=\"height:30px\" aria-hidden=\"true\" class=\"wp-block-spacer\"><\/div>\n\n\n\n<p>La cit\u00e9 de l\u2019espoir est la plus grosse cit\u00e9 situ\u00e9e au centre ville de Montreuil,&nbsp; la 2eme plus grande ville de Seine St Denis.<br>Elle est sur\u00e9lev\u00e9e par rapport \u00e0 une partie de la ville et son grand mur noir nous a donn\u00e9 l\u2019envie de le transformer en galerie d\u2019art militant et d\u2019apporter de la beaut\u00e9 dans cette cit\u00e9 de coeur de&nbsp; ville et en m\u00eame temps tr\u00e8s referm\u00e9e sur elle m\u00eame.<br>L\u2019id\u00e9e \u00e9tait de donner \u00e0 choisir aux r\u00e9sidents les affiches monumentales qui seront expos\u00e9es via un vote participatif et interne \u00e0 la cit\u00e9.<br>Projet lanc\u00e9 en partenariat avec l\u2019OPHM et la ville de Montreuil&nbsp;<\/p>\n\n\n\n<p>&nbsp;<strong>Aout 2021<\/strong> :<\/p>\n\n\n\n<p>Affichage d&rsquo;une affiche pr\u00e9sentant le projet et lan\u00e7ant le vote&nbsp; dans les 15 halls et les escaliers des 500 logements de la cit\u00e9.<br>Installation, 2 samedi de suite , d\u2019un stand tenu par des b\u00e9n\u00e9voles Street Art Rebellion pour \u00e9changer avec les r\u00e9sidents et les inciter \u00e0 voter sur place. Une cinquantaine d&rsquo;habitants ont vot\u00e9 en physique ou sur le blog cr\u00e9\u00e9 sp\u00e9cialement \u00e0 cet effet..<\/p>\n\n\n\n<p><strong>Septembre&nbsp;2021 : <\/strong><\/p>\n\n\n\n<p>Collage des 6 affiches tr\u00e8s grands formats s\u00e9lectionn\u00e9es et tenue d\u2019un petit stand d\u2019information sur le collectif et l\u2019action en cours. L\u2019\u00e9quipe Street Art Rebellion a re\u00e7u un accueil tr\u00e8s chaleureux et m\u00eame reconnaissant de la part des habitants, peu habitu\u00e9s \u00e0 \u00eatre sollicit\u00e9s et d\u00e9cisionnaires sur leur environnement.<br>Ce fut une exp\u00e9rience tr\u00e8s enrichissante pour le collectif et le d\u00e9but des s\u00e9lections participatives.<\/p>\n\n\n\n\n\n\n\n<div style=\"height:27px\" aria-hidden=\"true\" class=\"wp-block-spacer\"><\/div>\n\n\n\n<h2 class=\"wp-block-heading has-text-align-center\">Tournus &#8211; Sa\u00f4ne et Loire<\/h2>\n\n\n\n<h3 class=\"wp-block-heading has-text-align-center\">Juin 2021<\/h3>\n\n\n\n<div style=\"height:30px\" aria-hidden=\"true\" class=\"wp-block-spacer\"><\/div>\n\n\n\n<p>En juin 2021, nous avons organis\u00e9 un atelier de cr\u00e9ation d\u2019affiches libres un apr\u00e8s-midi \u00e0 Tournus puis avons invit\u00e9 les participants \u00e0 coller leurs affiches sur le mur d\u00e9di\u00e9.<\/p>\n\n\n\n\n","protected":false},"excerpt":{"rendered":"<p>Contactez-nous si vous souhaitez exposer les affiches #LOVEPLANET imprim\u00e9es sur b\u00e2ches ! Nous pouvons \u00e9galement mettre en place un parcours &hellip; <a href=\"https:\/\/streetartrebellion.com\/index.php\/commune\/\" class=\"more-link\"><span class=\"more-button\">Read More<span class=\"screen-reader-text\">COMMUNE<\/span><\/span><\/a><\/p>\n","protected":false},"author":1,"featured_media":0,"parent":0,"menu_order":0,"comment_status":"closed","ping_status":"closed","template":"","meta":{"footnotes":""},"class_list":["post-200","page","type-page","status-publish","hentry"],"_links":{"self":[{"href":"https:\/\/streetartrebellion.com\/index.php\/wp-json\/wp\/v2\/pages\/200","targetHints":{"allow":["GET"]}}],"collection":[{"href":"https:\/\/streetartrebellion.com\/index.php\/wp-json\/wp\/v2\/pages"}],"about":[{"href":"https:\/\/streetartrebellion.com\/index.php\/wp-json\/wp\/v2\/types\/page"}],"author":[{"embeddable":true,"href":"https:\/\/streetartrebellion.com\/index.php\/wp-json\/wp\/v2\/users\/1"}],"replies":[{"embeddable":true,"href":"https:\/\/streetartrebellion.com\/index.php\/wp-json\/wp\/v2\/comments?post=200"}],"version-history":[{"count":12,"href":"https:\/\/streetartrebellion.com\/index.php\/wp-json\/wp\/v2\/pages\/200\/revisions"}],"predecessor-version":[{"id":856,"href":"https:\/\/streetartrebellion.com\/index.php\/wp-json\/wp\/v2\/pages\/200\/revisions\/856"}],"wp:attachment":[{"href":"https:\/\/streetartrebellion.com\/index.php\/wp-json\/wp\/v2\/media?parent=200"}],"curies":[{"name":"wp","href":"https:\/\/api.w.org\/{rel}","templated":true}]}}